{"id":4902,"date":"2024-06-26T09:31:09","date_gmt":"2024-06-26T00:31:09","guid":{"rendered":"https:\/\/cai6.tachibana-u.ac.jp\/kyudo\/?page_id=4902"},"modified":"2024-06-26T09:31:34","modified_gmt":"2024-06-26T00:31:34","slug":"%e6%96%b0%e4%ba%ba%e6%88%a6","status":"publish","type":"page","link":"https:\/\/cai6.tachibana-u.ac.jp\/kyudo\/?page_id=4902","title":{"rendered":"\u65b0\u4eba\u6226"},"content":{"rendered":"\n<p>\u65b0\u4eba\u6226\u3000\u4e00\u56de\u6226\u76ee\u306f\u6628\u5e74\u5ea6\u4e09\u4f4d\u5165\u8cde\u306b\u3088\u308a\u30b7\u30fc\u30c9\u306e\u305f\u3081\u3001\u4e8c\u56de\u6226\u9032\u51fa<\/p>\n\n\n\n<p>\u65b0\u4eba\u6226\u3000\u4e8c\u56de\u6226\u3000\u5bfe\u5927\u962a\u5927\u5b66<\/p>\n\n\n\n<figure class=\"wp-block-table\"><table><tbody><tr><td><\/td><td><\/td><td><\/td><td><\/td><td><\/td><\/tr><tr><td>\u4e45\u5149\u5143\uff08\u4e09\uff09<\/td><td>\u25cb\u25cb\u25cb\u25cb<\/td><td>\u25cb\u25cb\u25cb\u25cb<\/td><td>\u25cb\u25cb\u25cb\u00d7<\/td><td>11<\/td><\/tr><tr><td>\u798f\u672c\u5149\u59eb\uff08\u4e09\uff09<\/td><td>\u00d7\u00d7\u25cb\u25cb<\/td><td>\u00d7\u25cb\u00d7\u00d7<\/td><td>\u25cb\u25cb\u00d7\u00d7<\/td><td>5<\/td><\/tr><tr><td>\u798f\u6c38\u512a\u6597\uff08\u30cb\uff09<\/td><td>\u00d7\u25cb\u00d7\u00d7<\/td><td>\u25cb\u25cb\u25cb\u25cb<\/td><td>\u25cb\u25cb\u25cb\u25cb<\/td><td>9<\/td><\/tr><tr><td>\u5927\u68ee\u7a42\u679c\uff08\u30cb\uff09<\/td><td>\u25cb\u25cb\u25cb\u25cb<\/td><td>\u25cb\u25cb\u25cb\u25cb<\/td><td>\u25cb\u25cb\u00d7\u25cb<\/td><td>11<\/td><\/tr><tr><td>\u57a3\u898b\u6e29\u4eba\uff08\u4e09\uff09<\/td><td>\u00d7\u00d7\u00d7\u00d7<\/td><td>\u00d7\u00d7\u00d7\u00d7<\/td><td>\u00d7\u00d7\u00d7\u00d7<\/td><td>\u6b8b<\/td><\/tr><tr><td>\u5cb3\u7950\u771e\uff08\u4e09\uff09<\/td><td>\u00d7\u25cb\u25cb\u00d7<\/td><td>\u00d7\u00d7\u00d7\u00d7<\/td><td>\u25cb\u25cb\u25cb\u00d7<\/td><td>5<\/td><\/tr><\/tbody><\/table><figcaption class=\"wp-element-caption\">\u5408\u8a0841\u4e2d<\/figcaption><\/figure>\n\n\n\n<p>\u540c\u4e2d\u7af6\u5c04<\/p>\n\n\n\n<figure class=\"wp-block-table\"><table><tbody><tr><td><\/td><td><\/td><td><\/td><td><\/td><\/tr><tr><td>\u4e45\u5149\u5143\uff08\u4e09\uff09<\/td><td>\u00d7<\/td><td>\u00d7<\/td><td>\u6b8b<\/td><\/tr><tr><td>\u798f\u672c\u5149\u59eb\uff08\u4e09\uff09<\/td><td>\u00d7<\/td><td>\u25cb<\/td><td>1<\/td><\/tr><tr><td>\u798f\u6c38\u512a\u6597\uff08\u30cb\uff09<\/td><td>\u25cb<\/td><td>\u25cb<\/td><td>\u7686<\/td><\/tr><tr><td>\u5927\u68ee\u7a42\u679c\uff08\u30cb\uff09<\/td><td>\u25cb<\/td><td>\u00d7<\/td><td>1<\/td><\/tr><tr><td>\u57a3\u898b\u6e29\u4eba\uff08\u4e09\uff09<\/td><td>\u25cb<\/td><td>\u25cb<\/td><td>\u7686<\/td><\/tr><tr><td>\u5cb3\u7950\u771e\uff08\u4e09\uff09<\/td><td>\u25cb<\/td><td>\u25cb<\/td><td>\u7686<\/td><\/tr><\/tbody><\/table><figcaption class=\"wp-element-caption\">\u5408\u8a088\u4e2d<\/figcaption><\/figure>\n\n\n\n<p>\u540c\u4e2d\u306b\u3088\u308b\u4e00\u672c\u7af6\u5c04<\/p>\n\n\n\n<figure class=\"wp-block-table\"><table><tbody><tr><td><\/td><td><\/td><td><\/td><\/tr><tr><td>\u4e45\u5149\u5143\uff08\u4e09\uff09<\/td><td>\u00d7<\/td><td>\u6b8b<\/td><\/tr><tr><td>\u798f\u672c\u5149\u59eb\uff08\u4e09\uff09<\/td><td>\u00d7<\/td><td>\u6b8b<\/td><\/tr><tr><td>\u798f\u6c38\u512a\u6597\uff08\u30cb\uff09<\/td><td>\u25cb<\/td><td>\u7686<\/td><\/tr><tr><td>\u5927\u68ee\u7a42\u679c\uff08\u30cb\uff09<\/td><td>\u25cb<\/td><td>\u7686<\/td><\/tr><tr><td>\u57a3\u898b\u6e29\u4eba\uff08\u4e09\uff09<\/td><td>\u25cb<\/td><td>\u7686<\/td><\/tr><tr><td>\u5cb3\u7950\u771e\uff08\u4e09\uff09<\/td><td>\u25cb<\/td><td>\u7686<\/td><\/tr><\/tbody><\/table><figcaption class=\"wp-element-caption\">\u5408\u8a084\u4e2d\u306b\u3088\u308a\u3001\u52dd\u3061\u3002<\/figcaption><\/figure>\n\n\n\n<p>\u65b0\u4eba\u6226\u3000\u4e09\u56de\u6226\u3000\u5bfe\u4eac\u90fd\u7523\u696d\u5927\u5b66<\/p>\n\n\n\n<figure class=\"wp-block-table\"><table><tbody><tr><td><\/td><td><\/td><td><\/td><td><\/td><td><\/td><\/tr><tr><td>\u4e45\u5149\u5143\uff08\u4e09\uff09<\/td><td>\u25cb\u25cb\u00d7\u25cb<\/td><td>\u25cb\u25cb\u25cb\u00d7<\/td><td>\u25cb\u25cb\u00d7\u25cb<\/td><td>9<\/td><\/tr><tr><td>\u85e4\u68ee\u7d50\u5b50\uff08\u4e09\uff09<\/td><td>\u00d7\u00d7\u25cb\u25cb<\/td><td>\u25cb\u00d7\u25cb\u00d7<\/td><td>\u00d7\u25cb\u25cb\u25cb<\/td><td>7<\/td><\/tr><tr><td>\u798f\u6c38\u512a\u6597\uff08\u30cb\uff09<\/td><td>\u25cb\u25cb\u25cb\u00d7<\/td><td>\u25cb\u25cb\u00d7\u25cb<\/td><td>\u00d7\u25cb\u25cb\u00d7<\/td><td>8<\/td><\/tr><tr><td>\u5927\u68ee\u7a42\u679c\uff08\u30cb\uff09<\/td><td>\u25cb\u25cb\u25cb\u00d7<\/td><td>\u00d7\u00d7\u25cb\u00d7<\/td><td>\u00d7\u00d7\u00d7\u25cb<\/td><td>5<\/td><\/tr><tr><td>\u98db\u77e2\u606d\u4f73\uff08\u4e09\uff09<\/td><td>\u25cb\u00d7\u25cb\u00d7<\/td><td>\u25cb\u25cb\u25cb\u00d7<\/td><td>\u25cb\u00d7\u25cb\u25cb<\/td><td>8<\/td><\/tr><tr><td>\u5cb3\u7950\u771e\uff08\u4e09\uff09<\/td><td>\u25cb\u00d7\u25cb\u25cb<\/td><td>\u25cb\u25cb\u25cb\u00d7<\/td><td>\u25cb\u25cb\u25cb\u00d7<\/td><td>9<\/td><\/tr><\/tbody><\/table><figcaption class=\"wp-element-caption\">\u5408\u8a0846\u4e2d\u306b\u3088\u308a\u3001\u52dd\u3061\u3002<\/figcaption><\/figure>\n\n\n\n<p>\u65b0\u4eba\u6226\u3000\u30d6\u30ed\u30c3\u30af\u6c7a\u52dd\u3000\u5bfe\u4eac\u90fd\u5927\u5b66<\/p>\n\n\n\n<figure class=\"wp-block-table\"><table><tbody><tr><td><\/td><td><\/td><td><\/td><td><\/td><td><\/td><td><\/td><td><\/td><\/tr><tr><td>\u4e45\u5149\u5143\uff08\u4e09\uff09<\/td><td>\u25cb\u25cb\u25cb\u25cb<\/td><td>\u00d7\u00d7\u25cb\u25cb<\/td><td>\u25cb\u25cb\u00d7\u00d7<\/td><td>\u25cb\u25cb\u25cb\u25cb<\/td><td>\u00d7\u25cb\u00d7\u25cb<\/td><td>14<\/td><\/tr><tr><td>\u85e4\u68ee\u7d50\u5b50\uff08\u4e09\uff09<\/td><td>\u25cb\u00d7\u25cb\u25cb<\/td><td>\u00d7\u00d7\u25cb\u00d7<\/td><td>\u25cb\u25cb\u25cb\u25cb<\/td><td>\u25cb\u25cb\u25cb\u25cb<\/td><td>\u25cb\u25cb\u00d7\u25cb<\/td><td>15<\/td><\/tr><tr><td>\u798f\u6c38\u512a\u6597\uff08\u30cb\uff09<\/td><td>\u00d7\u25cb\u25cb\u25cb<\/td><td>\u25cb\u00d7\u25cb\u25cb<\/td><td>\u25cb\u25cb\u25cb\u25cb<\/td><td>\u00d7\u25cb\u00d7\u25cb<\/td><td>\u25cb\u00d7\u25cb\u25cb<\/td><td>15<\/td><\/tr><tr><td>\u5927\u68ee\u7a42\u679c\uff08\u30cb\uff09<\/td><td>\u00d7\u00d7\u25cb\u00d7<\/td><td>\u25cb\u25cb\u25cb\u00d7<\/td><td>\u25cb\u25cb\u25cb\u25cb<\/td><td>\u25cb\u25cb\u25cb\u25cb<\/td><td>\u25cb\u25cb\u25cb\u25cb<\/td><td>16<\/td><\/tr><tr><td>\u98db\u77e2\u606d\u4f73\uff08\u4e09\uff09<\/td><td>\u25cb\u00d7\u00d7\u25cb<\/td><td>\u00d7\u25cb\u00d7\u25cb<\/td><td>\u25cb\u25cb\u25cb\u25cb<\/td><td>\u25cb\u25cb\u25cb\u25cb<\/td><td>\u25cb\u25cb\u00d7\u00d7<\/td><td>14<\/td><\/tr><tr><td>\u5cb3\u7950\u771e\uff08\u4e09\uff09<\/td><td>\u25cb\u25cb\u25cb\u25cb<\/td><td>\u00d7\u25cb\u25cb\u25cb<\/td><td>\u00d7\u25cb\u00d7\u25cb<\/td><td>\u25cb\u25cb\u25cb\u00d7<\/td><td>\u25cb\u25cb\u00d7\u00d7<\/td><td>14<\/td><\/tr><\/tbody><\/table><figcaption class=\"wp-element-caption\">\u5408\u8a0888\u4e2d\u306b\u3088\u308a\u3001\u52dd\u3061\u3002<\/figcaption><\/figure>\n\n\n\n<p>\u65b0\u4eba\u6226\u3000\u4e09\u3064\u5df4\u6c7a\u52dd\u6226\u3000\u5bfe\u7acb\u547d\u9928\u5927\u5b66\u30fb\u95a2\u897f\u5b66\u9662\u5927\u5b66<\/p>\n\n\n\n<figure class=\"wp-block-table\"><table><tbody><tr><td><\/td><td><\/td><td><\/td><td><\/td><td><\/td><td><\/td><td><\/td><\/tr><tr><td>\u4e45\u5149\u5143\uff08\u4e09\uff09<\/td><td>\u25cb\u25cb\u25cb\u25cb<\/td><td>\u25cb\u25cb\u00d7\u25cb<\/td><td>\u25cb\u25cb\u25cb\u25cb<\/td><td>\u25cb\u25cb\u25cb\u25cb<\/td><td>\u25cb\u00d7\u25cb\u25cb<\/td><td>18<\/td><\/tr><tr><td>\u570b\u5b9a\u548c\u5f25\uff08\u4e00\uff09<\/td><td>\u25cb\u25cb\u25cb\u25cb<\/td><td>\u25cb\u25cb\u25cb\u25cb<\/td><td>\u25cb\u25cb\u25cb\u25cb<\/td><td>\u25cb\u25cb\u25cb\u25cb<\/td><td>\u25cb\u25cb\u25cb\u25cb<\/td><td>\u7686<\/td><\/tr><tr><td>\u798f\u6c38\u512a\u6597\uff08\u30cb\uff09<\/td><td>\u25cb\u25cb\u25cb\u00d7<\/td><td>\u25cb\u25cb\u25cb\u25cb<\/td><td>\u25cb\u25cb\u25cb\u00d7<\/td><td>\u25cb\u25cb\u25cb\u25cb<\/td><td>\u25cb\u25cb\u25cb\u25cb<\/td><td>18<\/td><\/tr><tr><td>\u4e2d\u5ddd\u5275\u592a\uff08\u4e00\uff09<\/td><td>\u25cb\u00d7\u25cb\u25cb<\/td><td>\u25cb\u25cb\u25cb\u00d7<\/td><td>\u25cb\u25cb\u00d7\u00d7<\/td><td>\u00d7\u25cb\u25cb\u25cb<\/td><td>\u25cb\u00d7\u25cb\u00d7<\/td><td>13<\/td><\/tr><tr><td>\u98db\u77e2\u606d\u4f73\uff08\u4e09\uff09<\/td><td>\u25cb\u25cb\u25cb\u00d7<\/td><td>\u25cb\u25cb\u00d7\u00d7<\/td><td>\u00d7\u00d7\u25cb\u25cb<\/td><td>\u25cb\u25cb\u25cb\u25cb<\/td><td>\u00d7\u25cb\u25cb\u25cb<\/td><td>14<\/td><\/tr><tr><td>\u5cb3\u7950\u771e\uff08\u4e09\uff09<\/td><td>\u25cb\u25cb\u25cb\u25cb<\/td><td>\u25cb\u25cb\u25cb\u00d7<\/td><td>\u25cb\u25cb\u25cb\u25cb<\/td><td>\u25cb\u25cb\u25cb\u25cb<\/td><td>\u25cb\u25cb\u25cb<\/td><td>18<\/td><\/tr><\/tbody><\/table><figcaption class=\"wp-element-caption\">\u5408\u8a08101\u4e2d\u306b\u3088\u308a\u3001\u52dd\u3061\u3002\u307e\u305f\u3053\u306e\u8a66\u5408\u3067\u570b\u5b9a\u548c\u5f25\uff08\u4e00\uff09\u304c\u7686\u4e2d\u8cde\u3092\u53d7\u8cde\u3002<\/figcaption><\/figure>\n","protected":false},"excerpt":{"rendered":"<p>\u65b0\u4eba\u6226\u3000\u4e00\u56de\u6226\u76ee\u306f\u6628\u5e74\u5ea6\u4e09\u4f4d\u5165\u8cde\u306b\u3088\u308a\u30b7\u30fc\u30c9\u306e\u305f\u3081\u3001\u4e8c\u56de\u6226\u9032\u51fa \u65b0\u4eba\u6226\u3000\u4e8c\u56de\u6226\u3000\u5bfe\u5927\u962a\u5927\u5b66 \u4e45\u5149\u5143\uff08\u4e09\uff09 \u25cb\u25cb\u25cb\u25cb \u25cb\u25cb\u25cb\u25cb \u25cb\u25cb\u25cb\u00d7 11 \u798f\u672c\u5149\u59eb\uff08\u4e09\uff09 \u00d7\u00d7\u25cb\u25cb \u00d7\u25cb\u00d7\u00d7 \u25cb\u25cb\u00d7\u00d7 5 \u798f\u6c38\u512a\u6597\uff08\u30cb\uff09 \u00d7\u25cb\u00d7\u00d7 \u25cb &hellip; <a href=\"https:\/\/cai6.tachibana-u.ac.jp\/kyudo\/?page_id=4902\" class=\"more-link\">\u7d9a\u304d\u3092\u8aad\u3080 <span class=\"screen-reader-text\">\u65b0\u4eba\u6226<\/span> <span class=\"meta-nav\">&rarr;<\/span><\/a><\/p>\n","protected":false},"author":1,"featured_media":0,"parent":4892,"menu_order":0,"comment_status":"closed","ping_status":"closed","template":"","meta":{"footnotes":""},"class_list":["post-4902","page","type-page","status-publish","hentry"],"_links":{"self":[{"href":"https:\/\/cai6.tachibana-u.ac.jp\/kyudo\/index.php?rest_route=\/wp\/v2\/pages\/4902","targetHints":{"allow":["GET"]}}],"collection":[{"href":"https:\/\/cai6.tachibana-u.ac.jp\/kyudo\/index.php?rest_route=\/wp\/v2\/pages"}],"about":[{"href":"https:\/\/cai6.tachibana-u.ac.jp\/kyudo\/index.php?rest_route=\/wp\/v2\/types\/page"}],"author":[{"embeddable":true,"href":"https:\/\/cai6.tachibana-u.ac.jp\/kyudo\/index.php?rest_route=\/wp\/v2\/users\/1"}],"replies":[{"embeddable":true,"href":"https:\/\/cai6.tachibana-u.ac.jp\/kyudo\/index.php?rest_route=%2Fwp%2Fv2%2Fcomments&post=4902"}],"version-history":[{"count":1,"href":"https:\/\/cai6.tachibana-u.ac.jp\/kyudo\/index.php?rest_route=\/wp\/v2\/pages\/4902\/revisions"}],"predecessor-version":[{"id":4903,"href":"https:\/\/cai6.tachibana-u.ac.jp\/kyudo\/index.php?rest_route=\/wp\/v2\/pages\/4902\/revisions\/4903"}],"up":[{"embeddable":true,"href":"https:\/\/cai6.tachibana-u.ac.jp\/kyudo\/index.php?rest_route=\/wp\/v2\/pages\/4892"}],"wp:attachment":[{"href":"https:\/\/cai6.tachibana-u.ac.jp\/kyudo\/index.php?rest_route=%2Fwp%2Fv2%2Fmedia&parent=4902"}],"curies":[{"name":"wp","href":"https:\/\/api.w.org\/{rel}","templated":true}]}}