{"id":4636,"date":"2021-09-24T11:55:41","date_gmt":"2021-09-24T02:55:41","guid":{"rendered":"https:\/\/cai6.tachibana-u.ac.jp\/kyudo\/?page_id=4636"},"modified":"2021-10-10T22:29:41","modified_gmt":"2021-10-10T13:29:41","slug":"%e3%83%aa%e3%83%bc%e3%82%b0%e6%88%a6%e3%80%80%ef%bc%88%e5%a5%b3%e5%ad%90%ef%bc%89","status":"publish","type":"page","link":"https:\/\/cai6.tachibana-u.ac.jp\/kyudo\/?page_id=4636","title":{"rendered":"\u30ea\u30fc\u30b0\u6226\u3000\uff08\u5973\u5b50\uff09"},"content":{"rendered":"\n<p>\uff19\u6708\uff11\uff19\u65e5\u3000\u30ea\u30fc\u30b0\u6226\u3000\u7b2c\u4e00\u6226\u3000\u5bfe\u540c\u5fd7\u793e\u5927\u5b66<br>\u30ea\u30e2\u30fc\u30c8\u6226<\/p>\n\n\n\n<hr class=\"wp-block-separator\"\/>\n\n\n\n<p>\u3000\u540c\u5fd7\u793e\u5927\u5b66\u300048\u4e2d\u3000\u3000\u4eac\u90fd\u6a58\u5927\u5b66\u300045\u4e2d<\/p>\n\n\n\n<table class=\"wp-block-table\"><tbody><tr><td>\u5be6\u7dbf\u3000\u5411\u65e5\u8475\uff08\u4e00\uff09<\/td><td>\u00d7\u25cb\u00d7\u25cb<\/td><td>\u00d7\u25cb\u25cb\u25cb<\/td><td>\u25cb\u25cb\u25cb\u25cb<\/td><td> \u00d7\u25cb\u00d7\u00d7  <\/td><td> \u25cb\u00d7\u00d7\u00d7 <\/td><td>11<br><\/td><td>45<\/td><\/tr><tr><td>\u5927\u85cf\u3000\u5915\u5e0c \uff08\u4e00\uff09 <\/td><td>\u25cb\u00d7\u25cb\u25cb<\/td><td> \u00d7\u25cb\u00d7\u25cb <\/td><td> \u25cb\u25cb\u25cb\u25cb <\/td><td> \u25cb\u25cb\u25cb\u25cb  <\/td><td>\u00d7\u00d7\u00d7\u25cb<\/td><td>14<\/td><td><\/td><\/tr><tr><td>\u52a0\u85e4\u3000\u98a8\u6b4c \uff08\u4e00\uff09 <\/td><td>\u25cb\u00d7\u00d7\u00d7<\/td><td>\u25cb\u25cb\u00d7\u00d7<\/td><td>\u25cb\u25cb\u25cb\u00d7<\/td><td> \u00d7\u00d7\u25cb\u00d7  <\/td><td>\u5c71\u6839\u3000\u00d7\u25cb\u25cb\u00d7<\/td><td>9<\/td><td><\/td><\/tr><tr><td>\u85cf\u5185\u3000\u4fdd\u4e43\u52a0 \uff08\u4e09\uff09 <\/td><td>\u00d7\u00d7\u25cb\u00d7<\/td><td> \u00d7\u00d7\u25cb\u00d7 <\/td><td>\u00d7\u25cb\u25cb\u25cb<\/td><td> \u25cb\u25cb\u25cb\u25cb  <\/td><td> \u00d7\u25cb\u00d7\u25cb <\/td><td>11<\/td><td><\/td><\/tr><\/tbody><\/table>\n\n\n\n<p> 9\u670826\u65e5\u3000\u30ea\u30fc\u30b0\u6226\u3000\u7b2c\u4e8c\u6226\u3000\u5bfe\u9f8d\u8c37\u5927\u5b66\u3000<br>\u30ea\u30e2\u30fc\u30c8\u6226<\/p>\n\n\n\n<p>\u9f8d\u8c37\u5927\u5b66\u300046\u4e2d\u3000\u3000\u4eac\u90fd\u6a58\u5927\u5b66\u300059\u4e2d <\/p>\n\n\n\n<table class=\"wp-block-table\"><tbody><tr><td>\u5927\u8535\u3000\u5915\u5e0c\uff08\u4e00\uff09<\/td><td>\u00d7\u25cb\u00d7\u25cb<\/td><td>\u25cb\u25cb\u25cb\u00d7<\/td><td>\u00d7\u00d7\u25cb\u00d7<\/td><td> \u00d7\u25cb\u25cb\u25cb<\/td><td> \u00d7\u25cb\u25cb\u25cb<\/td><td>12<\/td><td>46<\/td><\/tr><tr><td>\u5be6 \u7dbf\u3000\u5411\u65e5\u8475\uff08\u4e00\uff09 <\/td><td>\u00d7\u25cb\u25cb\u25cb<\/td><td> \u25cb\u25cb\u25cb\u25cb<\/td><td> \u25cb\u25cb\u00d7\u00d7<\/td><td> \u00d7\u25cb\u25cb\u25cb  <\/td><td>\u25cb\u25cb\u00d7\u25cb<\/td><td>15<\/td><td><\/td><\/tr><tr><td>\u85cf\u5185\u3000\u4fdd\u4e43\u52a0 \uff08\u4e09\uff09 <\/td><td>\u25cb\u25cb\u00d7\u25cb<\/td><td>\u25cb\u25cb\u00d7\u25cb<\/td><td>\u00d7\u25cb\u00d7\u25cb<\/td><td> \u00d7\u00d7\u00d7\u25cb <\/td><td>\u25cb\u25cb\u25cb\u25cb<\/td><td>13<\/td><td><\/td><\/tr><tr><td>\u5c71\u6839\u3000\u306a\u3064\u307f \uff08\u56db\uff09 <\/td><td>\u25cb\u25cb\u25cb\u25cb<\/td><td> \u00d7\u00d7\u00d7\u25cb<\/td><td>\u00d7\u00d7\u00d7\u00d7<\/td><td> \u52a0\u85e4\u98a8\u00d7\u00d7\u00d7\u00d7 <\/td><td>\u4e09\u5b85 \u00d7\u00d7\u25cb\u00d7<\/td><td>6<\/td><td><\/td><\/tr><\/tbody><\/table>\n\n\n\n<p> <br>10\u67083\u65e5\u3000\u30ea\u30fc\u30b0\u6226\u3000\u7b2c\u4e09\u6226\u3000\u5bfe\u5929\u7406\u5927\u5b66\u3000<br>\u30ea\u30e2\u30fc\u30c8\u6226 <\/p>\n\n\n\n<p> \u5929\u7406\u5927\u5b66\u300049\u4e2d\u3000\u3000\u4eac\u90fd\u6a58\u5927\u5b66\u300055\u4e2d <\/p>\n\n\n\n<table class=\"wp-block-table\"><tbody><tr><td>\u5927\u8535\u3000\u5915\u5e0c\uff08\u4e00\uff09<\/td><td>\u00d7\u25cb\u25cb\u25cb<\/td><td>\u25cb\u25cb\u00d7\u25cb<\/td><td>\u00d7\u25cb\u25cb\u25cb<\/td><td> \u25cb\u25cb\u00d7\u25cb<\/td><td> \u25cb\u00d7\u00d7\u25cb<\/td><td>14<\/td><td>55<\/td><\/tr><tr><td>\u5be6 \u7dbf\u3000\u5411\u65e5\u8475\uff08\u4e00\uff09 <\/td><td>\u25cb\u25cb\u25cb\u25cb<\/td><td> \u25cb\u25cb\u00d7\u25cb<\/td><td> \u25cb\u25cb\u00d7\u00d7<\/td><td> \u00d7\u00d7\u00d7\u25cb  <\/td><td>\u00d7\u25cb\u25cb\u25cb<\/td><td>13<br><\/td><td><br><\/td><\/tr><tr><td>\u85cf\u5185\u3000\u4fdd\u4e43\u52a0 \uff08\u4e09\uff09 <\/td><td>\u25cb\u00d7\u25cb\u25cb<\/td><td>\u00d7\u25cb\u00d7\u25cb <br><\/td><td>\u25cb\u00d7\u25cb\u25cb<\/td><td> \u25cb\u25cb\u00d7\u25cb<\/td><td>\u00d7\u25cb\u25cb\u00d7<\/td><td>13<\/td><td><br><\/td><\/tr><tr><td>\u5c71\u6839\u3000\u306a\u3064\u307f \uff08\u56db\uff09 <\/td><td>\u25cb\u25cb\u25cb\u00d7<\/td><td> \u25cb\u25cb\u25cb\u25cb<\/td><td>\u00d7\u25cb\u25cb\u25cb<\/td><td> \u00d7\u25cb\u25cb\u00d7<\/td><td>\u00d7\u25cb\u25cb\u25cb<\/td><td>15<\/td><td><br>\n\n<\/td><\/tr><\/tbody><\/table>\n\n\n\n<p> 10\u670810\u65e5\u3000\u30ea\u30fc\u30b0\u6226\u3000\u7b2c\u56db\u6226\u3000\u5bfe\u795e\u6238\u5e02\u5916\u56fd\u8a9e\u5927\u5b66\u3000<br>\u30ea\u30e2\u30fc\u30c8\u6226 <\/p>\n\n\n\n<p>\u795e\u6238\u5e02\u5916\u56fd\u8a9e\u5927\u5b66\u300016\u4e2d\u3000\u3000\u4eac\u90fd\u6a58\u5927\u5b66\u300044\u4e2d  <\/p>\n\n\n\n<table class=\"wp-block-table\"><tbody><tr><td>\u5927\u8535\u3000\u5915\u5e0c\uff08\u4e00\uff09<\/td><td>\u00d7\u00d7\u00d7\u25cb<\/td><td>\u25cb\u25cb\u00d7\u25cb<\/td><td>\u25cb\u00d7\u25cb\u25cb<\/td><td> \u00d7\u00d7\u00d7\u00d7<\/td><td> \u25cb\u00d7\u25cb\u25cb<\/td><td>10<\/td><td>44<\/td><\/tr><tr><td>\u5be6 \u7dbf\u3000\u5411\u65e5\u8475\uff08\u4e00\uff09 <\/td><td>\u25cb\u25cb\u25cb\u00d7<\/td><td> \u25cb\u25cb\u00d7\u25cb<\/td><td> \u25cb\u25cb\u00d7\u25cb<\/td><td> \u00d7\u25cb\u25cb\u25cb <\/td><td>\u00d7\u25cb\u25cb\u25cb<\/td><td>15<br><\/td><td><br><\/td><\/tr><tr><td>\u85cf\u5185\u3000\u4fdd\u4e43\u52a0 \uff08\u4e09\uff09 <\/td><td>\u00d7\u00d7\u25cb\u25cb<\/td><td>\u25cb\u25cb\u25cb\u00d7<br><\/td><td>\u00d7\u25cb\u25cb\u00d7<\/td><td> \u00d7\u00d7\u25cb\u00d7<\/td><td>\u25cb\u25cb\u00d7\u00d7<\/td><td>10<\/td><td><br><\/td><\/tr><tr><td>\u5c71\u6839\u3000\u306a\u3064\u307f \uff08\u56db\uff09 <\/td><td>\u25cb\u00d7\u00d7\u00d7<\/td><td> \u25cb\u25cb\u00d7\u00d7<\/td><td>\u00d7\u00d7\u00d7\u00d7<\/td><td> \u6749\u4e2d\u00d7\u25cb\u25cb\u25cb<\/td><td>\u25cb\u25cb\u25cb\u00d7<\/td><td>9<\/td><td><br>\n\n<\/td><\/tr><\/tbody><\/table>\n\n\n\n<p><br><\/p>\n","protected":false},"excerpt":{"rendered":"<p>\uff19\u6708\uff11\uff19\u65e5\u3000\u30ea\u30fc\u30b0\u6226\u3000\u7b2c\u4e00\u6226\u3000\u5bfe\u540c\u5fd7\u793e\u5927\u5b66\u30ea\u30e2\u30fc\u30c8\u6226 \u3000\u540c\u5fd7\u793e\u5927\u5b66\u300048\u4e2d\u3000\u3000\u4eac\u90fd\u6a58\u5927\u5b66\u300045\u4e2d \u5be6\u7dbf\u3000\u5411\u65e5\u8475\uff08\u4e00\uff09 \u00d7\u25cb\u00d7\u25cb \u00d7\u25cb\u25cb\u25cb \u25cb\u25cb\u25cb\u25cb \u00d7\u25cb\u00d7\u00d7 \u25cb\u00d7\u00d7\u00d7 11 45 \u5927\u85cf\u3000\u5915\u5e0c \uff08\u4e00\uff09 \u25cb\u00d7\u25cb\u25cb \u00d7\u25cb\u00d7\u25cb  &hellip; <a href=\"https:\/\/cai6.tachibana-u.ac.jp\/kyudo\/?page_id=4636\" class=\"more-link\">\u7d9a\u304d\u3092\u8aad\u3080 <span class=\"screen-reader-text\">\u30ea\u30fc\u30b0\u6226\u3000\uff08\u5973\u5b50\uff09<\/span> <span class=\"meta-nav\">&rarr;<\/span><\/a><\/p>\n","protected":false},"author":1,"featured_media":0,"parent":4408,"menu_order":6,"comment_status":"closed","ping_status":"closed","template":"","meta":{"footnotes":""},"class_list":["post-4636","page","type-page","status-publish","hentry"],"_links":{"self":[{"href":"https:\/\/cai6.tachibana-u.ac.jp\/kyudo\/index.php?rest_route=\/wp\/v2\/pages\/4636","targetHints":{"allow":["GET"]}}],"collection":[{"href":"https:\/\/cai6.tachibana-u.ac.jp\/kyudo\/index.php?rest_route=\/wp\/v2\/pages"}],"about":[{"href":"https:\/\/cai6.tachibana-u.ac.jp\/kyudo\/index.php?rest_route=\/wp\/v2\/types\/page"}],"author":[{"embeddable":true,"href":"https:\/\/cai6.tachibana-u.ac.jp\/kyudo\/index.php?rest_route=\/wp\/v2\/users\/1"}],"replies":[{"embeddable":true,"href":"https:\/\/cai6.tachibana-u.ac.jp\/kyudo\/index.php?rest_route=%2Fwp%2Fv2%2Fcomments&post=4636"}],"version-history":[{"count":6,"href":"https:\/\/cai6.tachibana-u.ac.jp\/kyudo\/index.php?rest_route=\/wp\/v2\/pages\/4636\/revisions"}],"predecessor-version":[{"id":4678,"href":"https:\/\/cai6.tachibana-u.ac.jp\/kyudo\/index.php?rest_route=\/wp\/v2\/pages\/4636\/revisions\/4678"}],"up":[{"embeddable":true,"href":"https:\/\/cai6.tachibana-u.ac.jp\/kyudo\/index.php?rest_route=\/wp\/v2\/pages\/4408"}],"wp:attachment":[{"href":"https:\/\/cai6.tachibana-u.ac.jp\/kyudo\/index.php?rest_route=%2Fwp%2Fv2%2Fmedia&parent=4636"}],"curies":[{"name":"wp","href":"https:\/\/api.w.org\/{rel}","templated":true}]}}