{"id":4525,"date":"2021-08-31T01:05:24","date_gmt":"2021-08-30T16:05:24","guid":{"rendered":"https:\/\/cai6.tachibana-u.ac.jp\/kyudo\/?page_id=4525"},"modified":"2021-08-31T01:45:49","modified_gmt":"2021-08-30T16:45:49","slug":"%e9%96%a2%e8%a5%bf%e5%ad%a6%e7%94%9f%e5%bc%93%e9%81%93%e9%81%b8%e6%89%8b%e6%a8%a9%e5%a4%a7%e4%bc%9a%e3%80%80%e4%ba%88%e9%81%b8%e3%80%80%ef%bc%88%e3%83%aa%e3%83%a2%e3%83%bc%e3%83%88%e8%a9%a6%e5%90%88","status":"publish","type":"page","link":"https:\/\/cai6.tachibana-u.ac.jp\/kyudo\/?page_id=4525","title":{"rendered":"\u95a2\u897f\u5b66\u751f\u5f13\u9053\u9078\u624b\u6a29\u5927\u4f1a\u3000"},"content":{"rendered":"\n<p>\u4e88\u9078\u3000\uff08\u30ea\u30e2\u30fc\u30c8\u8a66\u5408\uff09<br>\uff17\u6708\uff11\uff17\u65e5\uff08\u571f\uff09<br><\/p>\n\n\n\n<p>\u7537\u5b50\u56e3\u4f53<\/p>\n\n\n\n<p>\u4eac\u90fd\u6a58A\u3000<\/p>\n\n\n\n<table class=\"wp-block-table\"><tbody><tr><td>\u6d6e\u7530\u3000\u548c\u54c9\uff08\u56db\uff09<\/td><td>\u25cb\u25cb\u25cb\u25cb<\/td><td>\u25cb\u00d7<\/td><td>\u25cb<\/td><td>\u25cb<\/td><\/tr><tr><td>\u6e05\u6c34\u3000\u7fd4\u592a\uff08\u4e09\uff09<\/td><td>\u25cb\u25cb\u25cb\u25cb<\/td><td>\u00d7\u25cb<\/td><td>\u25cb<\/td><td>\u25cb<\/td><\/tr><tr><td>\u90e1\u3000\u5805\u4e8c\u90ce\uff08\u4e09\uff09<\/td><td>\u00d7\u25cb\u25cb\u25cb<\/td><td>\u25cb\u25cb<\/td><td>\u25cb<\/td><td>\u25cb<\/td><\/tr><tr><td>\u5cb8\u91ce\u3000\u822a\u54c9\uff08\u56db\uff09<\/td><td>\u25cb\u25cb\u25cb\u25cb<\/td><td>\u25cb\u00d7<\/td><td>\u25cb<\/td><td>\u00d7<\/td><\/tr><tr><td>\u4e09\u8c37\u3000\u5149\u8f1d\uff08\u56db\uff09<\/td><td>\u25cb\u00d7\u25cb\u00d7<\/td><td>\u25cb\u25cb<\/td><td>\u25cb<\/td><td>\u25cb<\/td><\/tr><tr><td>\u5408\u8a08<\/td><td>\uff11\uff17\u4e2d<\/td><td>\uff17\u4e2d<\/td><td>\uff15\u4e2d<\/td><td>\uff14\u4e2d<\/td><\/tr><\/tbody><\/table>\n\n\n\n<p>\u4eac\u90fd\u6a58B\u3000<\/p>\n\n\n\n<table class=\"wp-block-table\"><tbody><tr><td>\u65b0\u5c71\u3000\u7ae0\u592a\u90ce\uff08\u4e00\uff09<\/td><td>\u25cb\u25cb\u25cb\u25cb<\/td><td>\u25cb\u25cb<\/td><td>\u00d7<\/td><td>\u25cb<\/td><\/tr><tr><td>\u5d8b\u7530\u3000\u7d71\u592a\uff08\u4e8c\uff09<\/td><td>\u25cb\u25cb\u25cb\u25cb<\/td><td>\u25cb\u25cb<\/td><td>\u25cb<\/td><td>\u00d7<\/td><\/tr><tr><td>\u5c0f\u63a0\u3000\u592a\u5730\uff08\u4e8c\uff09<\/td><td>\u25cb\u00d7\u00d7\u25cb<\/td><td>\u25cb\u25cb<\/td><td>\u00d7<\/td><td>\u00d7<\/td><\/tr><tr><td>\u690d\u6751\u3000\u4fee\u53f2\uff08\u4e8c\uff09<\/td><td>\u25cb\u25cb\u25cb\u25cb<\/td><td>\u25cb\u25cb<\/td><td>\u25cb<br><\/td><td>\u00d7<\/td><\/tr><tr><td>\u4e0a\u7530\u3000\u672a\u6765\u4eba\uff08\u56db\uff09<\/td><td>\u00d7\u25cb\u25cb\u25cb<\/td><td>\u25cb\u00d7<\/td><td>\u25cb<\/td><td>\u25cb<\/td><\/tr><tr><td>\u5408\u8a08<\/td><td>\uff11\uff17\u4e2d<\/td><td>\uff19\u4e2d<\/td><td>\uff13\u4e2d<\/td><td>\uff12\u4e2d<\/td><\/tr><\/tbody><\/table>\n\n\n\n<p>\u4eac\u90fd\u6a58C\u3000<\/p>\n\n\n\n<table class=\"wp-block-table\"><tbody><tr><td>\u9ce5\u5c45\u3000\u99ff\u98db\uff08\u4e8c\uff09<\/td><td>\u25cb\u00d7\u00d7\u25cb<\/td><td>\u00d7\u25cb<\/td><td>\u25cb<\/td><td>\u00d7<\/td><\/tr><tr><td>\u8c37\u3000\u5eb7\u8f14\uff08\u56db\uff09<\/td><td>\u00d7\u00d7\u25cb\u00d7<\/td><td>\u25cb\u00d7<\/td><td>\u00d7<\/td><td>\u00d7<\/td><\/tr><tr><td>\u5317\u5ddd\u3000\u745b\u7409\uff08\u4e8c\uff09<\/td><td>\u25cb\u25cb\u00d7\u00d7<\/td><td>\u00d7\u25cb<\/td><td>\u00d7<\/td><td>\u00d7<\/td><\/tr><tr><td>\u677e\u5c71\u3000\u5353\u751f\uff08\u4e8c\uff09<\/td><td>\u25cb\u25cb\u25cb\u00d7<\/td><td>\u00d7\u25cb<\/td><td>\u25cb<\/td><td>\u25cb<\/td><\/tr><tr><td>\u6cb3\u53e3\u3000\u7fd4\uff08\u56db\uff09<\/td><td>\u25cb\u00d7\u00d7\u00d7<\/td><td>\u25cb\u25cb<\/td><td>\u25cb<\/td><td>\u00d7<\/td><\/tr><tr><td>\u5408\u8a08<\/td><td>\uff19\u4e2d<\/td><td>\uff16\u4e2d<\/td><td>\uff13\u4e2d<\/td><td>\uff11\u4e2d<\/td><\/tr><\/tbody><\/table>\n\n\n\n<p>\u4eac\u90fd\u6a58\u5927\u5b66A\u30c1\u30fc\u30e0<br>\u4eac\u90fd\u6a58\u5927\u5b66B\u30c1\u30fc\u30e0\u4ee5\u4e0a\uff12\u30c1\u30fc\u30e0\u304c\u6c7a\u52dd\u30c8\u30fc\u30ca\u30e1\u30f3\u30c8\u9032\u51fa\u3068\u306a\u308a\u307e\u3057\u305f\u3002<\/p>\n\n\n\n<hr class=\"wp-block-separator\"\/>\n\n\n\n<p>\u6c7a\u52dd\u30c8\u30fc\u30ca\u30e1\u30f3\u30c8\uff08\u30ea\u30e2\u30fc\u30c8\u8a66\u5408\uff09<br>\uff17\u6708\uff12\uff15\u65e5<\/p>\n\n\n\n<p>\u7537\u5b50\u306e\u90e8<\/p>\n\n\n\n<p>\uff11\u56de\u6226<br>\u4eac\u90fd\u6a58\u5927\u5b66A\u30c1\u30fc\u30e0\uff11\uff14\u4e2d\u3000\u8fd1\u757f\u5927\u5b66B\u30c1\u30fc\u30e0\uff11\uff12\u4e2d<br>\u4eac\u90fd\u6a58\u5927\u5b66B\u30c1\u30fc\u30e0\uff11\uff16\u4e2d\u3000\u95a2\u897f\u5b66\u9662\u5927\u5b66A\u30c1\u30fc\u30e0\uff11\uff18\u4e2d<br>\u3088\u3063\u3066\u4eac\u90fd\u6a58\u5927\u5b66B\u30c1\u30fc\u30e0\u306e\uff11\u56de\u6226\u6557\u9000\u304c\u6c7a\u5b9a\u3057\u307e\u3057\u305f\u3002<\/p>\n\n\n\n<p>\uff12\u56de\u6226<br>\u4eac\u90fd\u6a58\u5927\u5b66A\u30c1\u30fc\u30e0\uff11\uff17\u4e2d\u3000\u95a2\u897f\u5b66\u9662\u5927\u5b66B\u30c1\u30fc\u30e0\uff11\uff14\u4e2d<\/p>\n\n\n\n<p>\u6e96\u6c7a\u52dd<br>\u4eac\u90fd\u6a58\u5927\u5b66A\u30c1\u30fc\u30e0\uff11\uff15\u4e2d\u3000\u5929\u7406\u5927\u5b66A\u30c1\u30fc\u30e0\uff11\uff14\u4e2d<\/p>\n\n\n\n<p>\u512a\u52dd\u6c7a\u5b9a\u6226<br>\u4eac\u90fd\u6a58\u5927\u5b66A\u30c1\u30fc\u30e0\uff11\uff12\u4e2d\u3000\u8fd1\u757f\u5927\u5b66A\u30c1\u30fc\u30e0\uff11\uff19\u4e2d<br>\u3088\u3063\u3066\u4eac\u90fd\u6a58\u5927\u5b66A\u30c1\u30fc\u30e0\u306e\u6e96\u512a\u52dd\u304c\u6c7a\u5b9a\u3057\u307e\u3057\u305f\u3002<\/p>\n","protected":false},"excerpt":{"rendered":"<p>\u4e88\u9078\u3000\uff08\u30ea\u30e2\u30fc\u30c8\u8a66\u5408\uff09\uff17\u6708\uff11\uff17\u65e5\uff08\u571f\uff09 \u7537\u5b50\u56e3\u4f53 \u4eac\u90fd\u6a58A\u3000 \u6d6e\u7530\u3000\u548c\u54c9\uff08\u56db\uff09 \u25cb\u25cb\u25cb\u25cb \u25cb\u00d7 \u25cb \u25cb \u6e05\u6c34\u3000\u7fd4\u592a\uff08\u4e09\uff09 \u25cb\u25cb\u25cb\u25cb \u00d7\u25cb \u25cb \u25cb \u90e1\u3000\u5805\u4e8c\u90ce\uff08\u4e09\uff09 \u00d7\u25cb\u25cb\u25cb \u25cb\u25cb \u25cb \u25cb \u5cb8\u91ce\u3000\u822a\u54c9\uff08\u56db\uff09 \u25cb\u25cb\u25cb\u25cb \u25cb\u00d7 &hellip; <a href=\"https:\/\/cai6.tachibana-u.ac.jp\/kyudo\/?page_id=4525\" class=\"more-link\">\u7d9a\u304d\u3092\u8aad\u3080 <span class=\"screen-reader-text\">\u95a2\u897f\u5b66\u751f\u5f13\u9053\u9078\u624b\u6a29\u5927\u4f1a\u3000<\/span> <span class=\"meta-nav\">&rarr;<\/span><\/a><\/p>\n","protected":false},"author":1,"featured_media":0,"parent":4408,"menu_order":2,"comment_status":"closed","ping_status":"closed","template":"","meta":{"footnotes":""},"class_list":["post-4525","page","type-page","status-publish","hentry"],"_links":{"self":[{"href":"https:\/\/cai6.tachibana-u.ac.jp\/kyudo\/index.php?rest_route=\/wp\/v2\/pages\/4525","targetHints":{"allow":["GET"]}}],"collection":[{"href":"https:\/\/cai6.tachibana-u.ac.jp\/kyudo\/index.php?rest_route=\/wp\/v2\/pages"}],"about":[{"href":"https:\/\/cai6.tachibana-u.ac.jp\/kyudo\/index.php?rest_route=\/wp\/v2\/types\/page"}],"author":[{"embeddable":true,"href":"https:\/\/cai6.tachibana-u.ac.jp\/kyudo\/index.php?rest_route=\/wp\/v2\/users\/1"}],"replies":[{"embeddable":true,"href":"https:\/\/cai6.tachibana-u.ac.jp\/kyudo\/index.php?rest_route=%2Fwp%2Fv2%2Fcomments&post=4525"}],"version-history":[{"count":3,"href":"https:\/\/cai6.tachibana-u.ac.jp\/kyudo\/index.php?rest_route=\/wp\/v2\/pages\/4525\/revisions"}],"predecessor-version":[{"id":4533,"href":"https:\/\/cai6.tachibana-u.ac.jp\/kyudo\/index.php?rest_route=\/wp\/v2\/pages\/4525\/revisions\/4533"}],"up":[{"embeddable":true,"href":"https:\/\/cai6.tachibana-u.ac.jp\/kyudo\/index.php?rest_route=\/wp\/v2\/pages\/4408"}],"wp:attachment":[{"href":"https:\/\/cai6.tachibana-u.ac.jp\/kyudo\/index.php?rest_route=%2Fwp%2Fv2%2Fmedia&parent=4525"}],"curies":[{"name":"wp","href":"https:\/\/api.w.org\/{rel}","templated":true}]}}