{"id":4519,"date":"2021-07-07T00:03:07","date_gmt":"2021-07-06T15:03:07","guid":{"rendered":"https:\/\/cai6.tachibana-u.ac.jp\/kyudo\/?page_id=4519"},"modified":"2021-08-31T01:55:37","modified_gmt":"2021-08-30T16:55:37","slug":"%e5%85%a8%e6%97%a5%e6%9c%ac%e5%ad%a6%e7%94%9f%e5%bc%93%e9%81%93%e9%81%b8%e6%89%8b%e6%a8%a9%e5%a4%a7%e4%bc%9a%ef%bc%88%e3%82%a4%e3%83%b3%e3%82%ab%e3%83%ac%ef%bc%89","status":"publish","type":"page","link":"https:\/\/cai6.tachibana-u.ac.jp\/kyudo\/?page_id=4519","title":{"rendered":"\u5168\u65e5\u672c\u5b66\u751f\u5f13\u9053\u9078\u624b\u6a29\u5927\u4f1a\uff08\u30a4\u30f3\u30ab\u30ec\uff09"},"content":{"rendered":"\n<p>\u65bc\u3000\u4eac\u90fd\u6a58\u5927\u5b66\u5f13\u9053\u5834\uff08\u30ea\u30e2\u30fc\u30c8\u8a66\u5408\uff09<\/p>\n\n\n\n<p style=\"text-align:center\"><strong>\u56e3\u4f53\uff08\u8fd1\u7684\uff09<\/strong><br><\/p>\n\n\n\n<hr class=\"wp-block-separator\"\/>\n\n\n\n<p><strong>\u7537\u5b50\u56e3\u4f53<\/strong><\/p>\n\n\n\n<table class=\"wp-block-table is-style-stripes\"><tbody><tr><td><\/td><td><\/td><td><\/td><td> \u4e00\u624b\u7af6\u5c04 <\/td><td><\/td><td>\u4e00\u672c\u7af6\u5c04<\/td><td><\/td><td><\/td><td><\/td><\/tr><tr><td>\u6d6e\u7530\u3000\u548c\u54c9\uff08\u56db\uff09<\/td><td>\u00d7\u00d7\u00d7\u25cb<\/td><td><\/td><td> \u25cb\u25cb <\/td><td><\/td><td>\u00d7<\/td><td><\/td><td>\u25cb<\/td><td><\/td><\/tr><tr><td>\u6e05\u6c34\u3000\u7fd4\u592a\uff08\u4e09\uff09<\/td><td>\u00d7\u25cb\u25cb\u00d7<\/td><td><\/td><td> \u00d7\u25cb <\/td><td><\/td><td>\u25cb<\/td><td><\/td><td>\u25cb<\/td><td><\/td><\/tr><tr><td>\u90e1\u3000\u5805\u4e8c\u90ce\uff08\u4e09\uff09<\/td><td>\u25cb\u25cb\u25cb\u25cb<\/td><td>12<\/td><td>\u25cb\u25cb<\/td><td>8<br><\/td><td>\u25cb<\/td><td>4<br><\/td><td>\u25cb<\/td><td>4<\/td><\/tr><tr><td>\u4e0a\u7530\u3000\u672a\u6765\u4eba\uff08\u56db\uff09<\/td><td>\u00d7\u25cb\u25cb\u25cb<\/td><td><\/td><td>\u25cb\u00d7<\/td><td><\/td><td>\u25cb<\/td><td><\/td><td>\u00d7<\/td><td><\/td><\/tr><tr><td>\u4e09\u8c37\u3000\u5149\u8f1d\uff08\u56db\uff09<\/td><td>\u00d7\u00d7\u25cb\u25cb<\/td><td><\/td><td>\u25cb\u25cb<\/td><td><\/td><td>\u25cb<\/td><td><\/td><td>\u25cb<\/td><td><\/td><\/tr><\/tbody><\/table>\n\n\n\n<p><strong>\u4e88\u9078\u6557\u9000<\/strong><\/p>\n\n\n\n<p><strong>\u5973\u5b50\u56e3\u4f53<\/strong><\/p>\n\n\n\n<table class=\"wp-block-table is-style-stripes\"><tbody><tr><td><\/td><td><\/td><td><\/td><td> \u4e00\u624b\u7af6\u5c04 <\/td><td><\/td><td>\u4e00\u672c\u7af6\u5c04<\/td><td><\/td><td><\/td><td><\/td><\/tr><tr><td>\u5927\u85cf\u3000\u5915\u5e0c\uff08\u4e00\uff09<\/td><td>\u00d7\u25cb\u25cb\u25cb<\/td><td><\/td><td> \u00d7\u00d7<\/td><td><\/td><td>\u25cb<\/td><td><\/td><td>\u25cb<\/td><td><\/td><\/tr><tr><td>\u74e6\u8c37\u3000\u6708\u4e43\uff08\u4e00\uff09<\/td><td>\u25cb\u00d7\u25cb\u00d7<\/td><td>8<\/td><td> \u25cb\u25cb<\/td><td>3<\/td><td>\u25cb<\/td><td>2<\/td><td>\u00d7<\/td><td>2<\/td><\/tr><tr><td>\u9ad8\u7530\u3000\u9ebb\u9234\uff08\u4e09\uff09<\/td><td>\u25cb\u25cb\u00d7\u25cb<\/td><td><\/td><td>\u25cb\u00d7<\/td><td><br><\/td><td>\u00d7<\/td><td><br><\/td><td>\u00d7<\/td><td><\/td><\/tr><\/tbody><\/table>\n\n\n\n<p><strong>\u4e88\u9078\u6557\u9000<\/strong><\/p>\n\n\n\n<hr class=\"wp-block-separator\"\/>\n\n\n\n<p style=\"text-align:center\"><strong>\u500b\u4eba\uff08\u8fd1\u7684\uff09<\/strong><\/p>\n\n\n\n<p><strong>\u7537\u5b50\u306e\u90e8<\/strong><\/p>\n\n\n\n<p>\u5cb8\u91ce\u3000\u822a\u54c9\uff08\u56db\uff09<br>\u4e09\u8c37\u3000\u5149\u8f1d\uff08\u56db\uff09<\/p>\n\n\n\n<p><strong>\u5973\u5b50\u306e\u90e8<\/strong><\/p>\n\n\n\n<p>\u9ad8\u7530\u3000\u9ebb\u9234\uff08\u4e09\uff09<br>\u52a0\u85e4\u3000\u98a8\u6b4c\uff08\u4e00\uff09<br>\u74e6\u8c37\u3000\u6708\u4e43\uff08\u4e00\uff09<\/p>\n\n\n\n<p>\u4ee5\u4e0a\u306e\uff15\u540d\u304c\u6c7a\u52dd\u9032\u51fa\u3068\u306a\u308a\u307e\u3057\u305f\u3002<\/p>\n\n\n\n<hr class=\"wp-block-separator\"\/>\n\n\n\n<p>\u500b\u4eba\u6c7a\u52dd\u6226\uff08\u8fd1\u7684\uff09<\/p>\n\n\n\n<p>\u5973\u5b50\u306e\u90e8<\/p>\n\n\n\n<p>\u7b2c\uff14\u4f4d\u3000\u52a0\u85e4\u3000\u98a8\u6b4c\uff08\u4e00\uff09<br>\u7b2c\uff15\u4f4d\u3000\u74e6\u8c37\u3000\u6708\u4e43\uff08\u4e00\uff09<br>\u4ee5\u4e0a\uff12\u540d\u306e\u5165\u8cde\u304c\u6c7a\u5b9a\u3057\u307e\u3057\u305f\u3002<\/p>\n","protected":false},"excerpt":{"rendered":"<p>\u65bc\u3000\u4eac\u90fd\u6a58\u5927\u5b66\u5f13\u9053\u5834\uff08\u30ea\u30e2\u30fc\u30c8\u8a66\u5408\uff09 \u56e3\u4f53\uff08\u8fd1\u7684\uff09 \u7537\u5b50\u56e3\u4f53 \u4e00\u624b\u7af6\u5c04 \u4e00\u672c\u7af6\u5c04 \u6d6e\u7530\u3000\u548c\u54c9\uff08\u56db\uff09 \u00d7\u00d7\u00d7\u25cb \u25cb\u25cb \u00d7 \u25cb \u6e05\u6c34\u3000\u7fd4\u592a\uff08\u4e09\uff09 \u00d7\u25cb\u25cb\u00d7 \u00d7\u25cb \u25cb \u25cb \u90e1\u3000\u5805\u4e8c\u90ce\uff08\u4e09\uff09 \u25cb\u25cb\u25cb\u25cb 12 \u25cb\u25cb 8 \u25cb 4 \u25cb &hellip; <a href=\"https:\/\/cai6.tachibana-u.ac.jp\/kyudo\/?page_id=4519\" class=\"more-link\">\u7d9a\u304d\u3092\u8aad\u3080 <span class=\"screen-reader-text\">\u5168\u65e5\u672c\u5b66\u751f\u5f13\u9053\u9078\u624b\u6a29\u5927\u4f1a\uff08\u30a4\u30f3\u30ab\u30ec\uff09<\/span> <span class=\"meta-nav\">&rarr;<\/span><\/a><\/p>\n","protected":false},"author":1,"featured_media":0,"parent":4408,"menu_order":3,"comment_status":"closed","ping_status":"closed","template":"","meta":{"footnotes":""},"class_list":["post-4519","page","type-page","status-publish","hentry"],"_links":{"self":[{"href":"https:\/\/cai6.tachibana-u.ac.jp\/kyudo\/index.php?rest_route=\/wp\/v2\/pages\/4519","targetHints":{"allow":["GET"]}}],"collection":[{"href":"https:\/\/cai6.tachibana-u.ac.jp\/kyudo\/index.php?rest_route=\/wp\/v2\/pages"}],"about":[{"href":"https:\/\/cai6.tachibana-u.ac.jp\/kyudo\/index.php?rest_route=\/wp\/v2\/types\/page"}],"author":[{"embeddable":true,"href":"https:\/\/cai6.tachibana-u.ac.jp\/kyudo\/index.php?rest_route=\/wp\/v2\/users\/1"}],"replies":[{"embeddable":true,"href":"https:\/\/cai6.tachibana-u.ac.jp\/kyudo\/index.php?rest_route=%2Fwp%2Fv2%2Fcomments&post=4519"}],"version-history":[{"count":4,"href":"https:\/\/cai6.tachibana-u.ac.jp\/kyudo\/index.php?rest_route=\/wp\/v2\/pages\/4519\/revisions"}],"predecessor-version":[{"id":4536,"href":"https:\/\/cai6.tachibana-u.ac.jp\/kyudo\/index.php?rest_route=\/wp\/v2\/pages\/4519\/revisions\/4536"}],"up":[{"embeddable":true,"href":"https:\/\/cai6.tachibana-u.ac.jp\/kyudo\/index.php?rest_route=\/wp\/v2\/pages\/4408"}],"wp:attachment":[{"href":"https:\/\/cai6.tachibana-u.ac.jp\/kyudo\/index.php?rest_route=%2Fwp%2Fv2%2Fmedia&parent=4519"}],"curies":[{"name":"wp","href":"https:\/\/api.w.org\/{rel}","templated":true}]}}