{"id":4410,"date":"2021-03-28T18:55:29","date_gmt":"2021-03-28T09:55:29","guid":{"rendered":"https:\/\/cai6.tachibana-u.ac.jp\/kyudo\/?page_id=4410"},"modified":"2021-04-23T00:38:35","modified_gmt":"2021-04-22T15:38:35","slug":"%e6%96%b0%e4%ba%ba%e6%88%a6","status":"publish","type":"page","link":"https:\/\/cai6.tachibana-u.ac.jp\/kyudo\/?page_id=4410","title":{"rendered":"\u65b0\u4eba\u6226"},"content":{"rendered":"\n<p><strong>3\u670828\u65e5\uff08\u65e5\uff09\u3000\u65b0\u4eba\u6226\u7b2c\uff12\u56de\u6226\u3000\u5bfe\uff1a\u5927\u962a\u7523\u696d\u5927\u5b66\u3000\u65bc\uff1a\u4eac\u90fd\u6a58\u5927\u5b66<\/strong><br><\/p>\n\n\n\n<hr class=\"wp-block-separator\"\/>\n\n\n\n<p>\u3000\u5927\u962a\u7523\u696d\u5927\u5b6634\u4e2d\u3000\u3000\u4eac\u90fd\u6a58\u5927\u5b6654\u4e2d<\/p>\n\n\n\n<table class=\"wp-block-table is-style-regular\"><tbody><tr><td>\u6d6e\u7530\u3000\u548c\u54c9\uff08\u56db\uff09<\/td><td>\u25cb\u25cb\u25cb\u00d7<\/td><td>\u25cb\u00d7\u00d7\u25cb<\/td><td>\u25cb\u25cb\u25cb\u00d7<\/td><td>8<\/td><td><\/td><td><\/td><td><\/td><\/tr><tr><td>\u6e05\u6c34\u3000\u7fd4\u592a\uff08\u4e09\uff09<\/td><td>\u25cb\u00d7\u00d7\u25cb<\/td><td>\u25cb\u00d7\u25cb\u25cb<\/td><td>\u25cb\u25cb\u25cb\u25cb<\/td><td>9<\/td><td><\/td><td><\/td><\/tr><tr><td>\u5317\u5ddd\u3000\u745b\u7409\uff08\u4e8c\uff09<\/td><td>\u25cb\u25cb\u25cb\u25cb<\/td><td>\u00d7\u25cb\u25cb\u25cb<\/td><td>\u25cb\u25cb\u25cb\u00d7<\/td><td>10<br><\/td><td><\/td><td><\/td><\/tr><tr><td>\u9ad8\u7530\u3000\u9ebb\u9234\uff08\u4e09\uff09<\/td><td>\u00d7\u00d7\u00d7\u00d7<\/td><td>\u90e1<br>\u25cb\u25cb\u25cb\u25cb<br><\/td><td>\u25cb\u25cb\u00d7\u25cb<\/td><td>7<\/td><td><\/td><td>54<br><\/td><\/tr><tr><td>\u4e0a\u7530\u3000\u672a\u6765\u4eba\uff08\u56db\uff09<\/td><td>\u25cb\u00d7\u25cb\u25cb<\/td><td>\u25cb\u00d7\u00d7\u25cb<\/td><td>\u25cb\u25cb\u25cb\u25cb<\/td><td>9<\/td><td><\/td><td><\/td><\/tr><tr><td>\u5cb8\u91ce\u3000\u822a\u54c9\uff08\u56db\uff09<\/td><td>\u25cb\u25cb\u25cb\u25cb<\/td><td>\u25cb\u25cb\u25cb\u25cb<\/td><td>\u00d7\u25cb\u25cb\u25cb<\/td><td>11<\/td><td><\/td><td><\/td><\/tr><\/tbody><\/table>\n\n\n\n<p><\/p>\n\n\n\n<hr class=\"wp-block-separator\"\/>\n\n\n\n<p><strong>4\u67084\u65e5\uff08\u65e5\uff09\u3000\u65b0\u4eba\u6226\u7b2c3\u56de\u6226\u3000\u5bfe\uff1a\u4eac\u90fd\u7523\u696d\u5927\u5b66\u3000\u65bc\uff1a\u4eac\u90fd\u6a58\u5927\u5b66<\/strong><\/p>\n\n\n\n<p> \u4eac\u90fd\u7523\u696d\u5927\u5b6632\u4e2d\u3000\u3000\u4eac\u90fd\u6a58\u5927\u5b6648\u4e2d  <\/p>\n\n\n\n<table class=\"wp-block-table\"><tbody><tr><td>\u90e1\u3000\u5805\u4e8c\u90ce\uff08\u4e09\uff09<\/td><td>\u25cb\u25cb\u25cb\u25cb<\/td><td>\u25cb\u25cb\u25cb\u25cb<\/td><td>\u25cb\u00d7\u25cb\u25cb<\/td><td>11<\/td><td><br><\/td><td><br><\/td><td><br><\/td><\/tr><tr><td>\u5317\u5ddd\u3000\u745b\u7409\uff08\u4e8c\uff09<\/td><td>\u00d7\u25cb\u25cb\u25cb<\/td><td>\u00d7\u00d7\u00d7\u25cb<br><\/td><td>\u6e05\u6c34<br>\u25cb\u25cb\u25cb\u25cb<\/td><td>8<\/td><td><br><\/td><td><br><\/td><\/tr><tr><td>\u690d\u6751\u3000\u4fee\u53f2\uff08\u4e8c\uff09<\/td><td>\u00d7\u00d7\u00d7\u00d7<\/td><td>\u00d7\u25cb\u00d7\u00d7<\/td><td>\u677e\u5c71<br>\u25cb\u25cb\u25cb\u25cb<\/td><td>5<\/td><td><br><\/td><td><br><\/td><\/tr><tr><td>\u6d6e\u7530\u3000\u548c\u54c9\uff08\u56db\uff09<\/td><td>\u25cb\u25cb\u25cb\u25cb<\/td><td>\u25cb\u25cb\u25cb\u25cb<br><\/td><td>\u25cb\u00d7\u00d7\u00d7<\/td><td>9<\/td><td><br><\/td><td>48<\/td><\/tr><tr><td>\u4e0a\u7530\u3000\u672a\u6765\u4eba\uff08\u56db\uff09<\/td><td>\u25cb\u25cb\u25cb\u25cb<\/td><td>\u25cb\u00d7\u25cb\u25cb<\/td><td>\u25cb\u25cb\u00d7\u00d7<\/td><td>9<\/td><td><br><\/td><td><br><\/td><\/tr><tr><td>\u5cb8\u91ce\u3000\u822a\u54c9\uff08\u56db\uff09<\/td><td>\u25cb\u25cb\u25cb\u00d7<\/td><td>\u25cb\u25cb\u00d7\u00d7<br><\/td><td>\u8c37<br>\u00d7\u00d7\u00d7\u25cb<\/td><td>6<\/td><td><br><\/td><td><br>\n\n<\/td><\/tr><\/tbody><\/table>\n\n\n\n<p><\/p>\n\n\n\n<p><strong>4\u670811\u65e5\uff08\u65e5\uff09\u3000\u65b0\u4eba\u6226\u30d6\u30ed\u30c3\u30af\u5185\u6c7a\u52dd\u6226\u3000\u5bfe\uff1a\u4eac\u90fd\u5927\u5b66\u3000\u65bc\uff1a\u4eac\u90fd\u6a58\u5927\u5b66<\/strong><\/p>\n\n\n\n<p> \u4eac\u90fd\u5927\u5b6683\u4e2d\u3000\u3000\u4eac\u90fd\u6a58\u5927\u5b6689\u4e2d <\/p>\n\n\n\n<table class=\"wp-block-table\"><tbody><tr><td>\u90e1\u3000\u5805\u4e8c\u90ce\uff08\u4e09\uff09<\/td><td>\u25cb\u25cb\u25cb\u25cb<\/td><td>\u25cb\u25cb\u25cb\u25cb<\/td><td>\u25cb\u25cb\u25cb\u00d7<\/td><td>\u25cb\u25cb\u00d7\u25cb<\/td><td>\u25cb\u25cb\u25cb\u25cb<\/td><td>18<\/td><td><\/td><td><br><\/td><\/tr><tr><td>\u690d\u6751\u3000\u4fee\u53f2\uff08\u4e8c\uff09<\/td><td>\u00d7\u25cb\u25cb\u25cb<\/td><td>\u25cb\u00d7\u25cb\u25cb<br><\/td><td>\u25cb\u25cb\u25cb\u25cb<\/td><td>\u25cb\u25cb\u00d7\u00d7<\/td><td>\u25cb\u25cb\u25cb\u25cb<\/td><td>16<\/td><td><\/td><\/tr><tr><td>\u74e6\u8c37\u3000\u6708\u4e43\uff08\u4e00\uff09<\/td><td>\u25cb\u25cb\u25cb\u25cb<\/td><td>\u25cb\u25cb\u25cb\u25cb<\/td><td>\u25cb\u25cb\u00d7\u25cb<\/td><td>\u00d7\u25cb\u25cb\u00d7<\/td><td>\u25cb\u00d7\u00d7\u25cb<\/td><td>14<\/td><td><\/td><\/tr><tr><td>\u6d6e\u7530\u3000\u548c\u54c9\uff08\u56db\uff09<\/td><td>\u00d7\u00d7\u25cb\u25cb<\/td><td>\u25cb\u00d7\u25cb\u25cb<br><\/td><td>\u25cb\u25cb\u00d7\u25cb<\/td><td>\u00d7\u25cb\u25cb\u00d7<\/td><td>\u25cb\u00d7\u00d7\u25cb<\/td><td>13<\/td><td>89<\/td><\/tr><tr><td>\u4e0a\u7530\u3000\u672a\u6765\u4eba\uff08\u56db\uff09<\/td><td>\u25cb\u25cb\u25cb\u00d7<\/td><td>\u00d7\u25cb\u25cb\u25cb<\/td><td>\u25cb\u25cb\u25cb\u00d7<\/td><td>\u00d7\u25cb\u25cb\u00d7<\/td><td>\u25cb\u25cb\u00d7\u25cb<\/td><td>14<\/td><td><\/td><\/tr><tr><td>\u5cb8\u91ce\u3000\u822a\u54c9\uff08\u56db\uff09<\/td><td>\u25cb\u00d7\u25cb\u25cb<\/td><td>\u25cb\u25cb\u00d7\u25cb<br><\/td><td>\u00d7\u25cb\u00d7\u00d7<\/td><td>\u6e05\u6c34<br>\u25cb\u00d7\u25cb\u25cb<\/td><td> \u25cb\u25cb\u25cb\u25cb<br><\/td><td>14<\/td><\/tr><\/tbody><\/table>\n\n\n\n<p><\/p>\n\n\n\n<p><strong>4\u6708\u65e518\uff08\u65e5\uff09\u3000\u65b0\u4eba\u6226\u6c7a\u52dd\u6226\u3000\u5bfe\uff1a\u7acb\u547d\u9928\u5927\u5b66\u30fb\u95a2\u897f\u5927\u5b66\u3000\u65bc\uff1a\u4eac\u90fd\u6a58\u5927\u5b66<\/strong><\/p>\n\n\n\n<p> \u7acb\u547d\u9928\u5927\u5b66105\u4e2d\u3000\u3000\u95a2\u897f\u5927\u5b6698\u4e2d\u3000\u4eac\u90fd\u6a58\u5927\u5b6691\u4e2d   <\/p>\n\n\n\n<table class=\"wp-block-table\"><tbody><tr><td>\u65b0\u5c71\u3000\u7ae0\u592a\u90ce\uff08\u4e00\uff09<\/td><td>\u00d7\u25cb\u25cb\u25cb<\/td><td>\u25cb\u25cb\u25cb\u00d7<\/td><td>\u25cb\u25cb\u25cb\u00d7<\/td><td>\u25cb\u25cb\u00d7\u25cb<\/td><td>\u25cb\u25cb\u25cb\u00d7<\/td><td>15<\/td><td><br><\/td><td><br><\/td><\/tr><tr><td>\u690d\u6751\u3000\u4fee\u53f2\uff08\u4e8c\uff09<\/td><td>\u25cb\u25cb\u00d7\u25cb<\/td><td>\u25cb\u25cb\u25cb\u25cb<br><\/td><td>\u25cb\u25cb\u25cb\u25cb<\/td><td>\u25cb\u25cb\u25cb\u25cb<\/td><td>\u25cb\u25cb\u00d7\u00d7<\/td><td>17<\/td><td><br><\/td><\/tr><tr><td>\u74e6\u8c37\u3000\u6708\u4e43\uff08\u4e00\uff09<\/td><td>\u25cb\u25cb\u00d7\u25cb<\/td><td>\u25cb\u25cb\u25cb\u25cb<\/td><td>\u25cb\u25cb\u00d7\u25cb<\/td><td>\u25cb\u25cb\u00d7\u25cb<\/td><td>\u00d7\u00d7\u25cb\u25cb<\/td><td>15<\/td><td><br><\/td><\/tr><tr><td>\u90e1\u3000\u5805\u4e8c\u90ce\uff08\u4e09\uff09<\/td><td>\u25cb\u25cb\u25cb\u25cb <\/td><td>\u25cb\u25cb\u25cb\u25cb<br><\/td><td>\u00d7\u00d7\u00d7\u25cb<\/td><td>\u25cb\u00d7\u25cb\u25cb<\/td><td>\u25cb\u25cb\u00d7\u25cb<\/td><td>15<\/td><td>91<\/td><\/tr><tr><td>\u6d6e\u7530\u3000\u548c\u54c9\uff08\u56db\uff09<\/td><td>\u00d7\u25cb\u25cb\u25cb<\/td><td>\u25cb\u25cb\u25cb\u25cb<\/td><td>\u25cb\u25cb\u25cb\u25cb<\/td><td>\u00d7\u25cb\u25cb\u00d7<\/td><td>\u25cb\u25cb\u00d7\u25cb<\/td><td>16<\/td><td><br><\/td><\/tr><tr><td> \u4e0a\u7530\u3000\u672a\u6765\u4eba \uff08\u56db\uff09<\/td><td>\u25cb\u25cb\u25cb\u25cb<\/td><td>\u25cb\u25cb\u25cb\u00d7<br><\/td><td>\u25cb\u00d7\u25cb\u25cb<\/td><td>\u25cb\u00d7\u25cb\u00d7<\/td><td> \u25cb\u00d7\u00d7\u00d7<br><\/td><td>13<br><\/td><\/tr><\/tbody><\/table>\n\n\n\n<p>\u3088\u3063\u3066\u3001\u672c\u5b66\u306e\u7b2c\u4e09\u4f4d\u304c\u6c7a\u5b9a\u3044\u305f\u3057\u307e\u3057\u305f\u3002<\/p>\n\n\n\n<p><br><\/p>\n","protected":false},"excerpt":{"rendered":"<p>3\u670828\u65e5\uff08\u65e5\uff09\u3000\u65b0\u4eba\u6226\u7b2c\uff12\u56de\u6226\u3000\u5bfe\uff1a\u5927\u962a\u7523\u696d\u5927\u5b66\u3000\u65bc\uff1a\u4eac\u90fd\u6a58\u5927\u5b66 \u3000\u5927\u962a\u7523\u696d\u5927\u5b6634\u4e2d\u3000\u3000\u4eac\u90fd\u6a58\u5927\u5b6654\u4e2d \u6d6e\u7530\u3000\u548c\u54c9\uff08\u56db\uff09 \u25cb\u25cb\u25cb\u00d7 \u25cb\u00d7\u00d7\u25cb \u25cb\u25cb\u25cb\u00d7 8 \u6e05\u6c34\u3000\u7fd4\u592a\uff08\u4e09\uff09 \u25cb\u00d7\u00d7\u25cb \u25cb\u00d7\u25cb\u25cb \u25cb\u25cb\u25cb\u25cb 9 \u5317\u5ddd\u3000 &hellip; <a href=\"https:\/\/cai6.tachibana-u.ac.jp\/kyudo\/?page_id=4410\" class=\"more-link\">\u7d9a\u304d\u3092\u8aad\u3080 <span class=\"screen-reader-text\">\u65b0\u4eba\u6226<\/span> <span class=\"meta-nav\">&rarr;<\/span><\/a><\/p>\n","protected":false},"author":1,"featured_media":0,"parent":4408,"menu_order":1,"comment_status":"closed","ping_status":"closed","template":"","meta":{"footnotes":""},"class_list":["post-4410","page","type-page","status-publish","hentry"],"_links":{"self":[{"href":"https:\/\/cai6.tachibana-u.ac.jp\/kyudo\/index.php?rest_route=\/wp\/v2\/pages\/4410","targetHints":{"allow":["GET"]}}],"collection":[{"href":"https:\/\/cai6.tachibana-u.ac.jp\/kyudo\/index.php?rest_route=\/wp\/v2\/pages"}],"about":[{"href":"https:\/\/cai6.tachibana-u.ac.jp\/kyudo\/index.php?rest_route=\/wp\/v2\/types\/page"}],"author":[{"embeddable":true,"href":"https:\/\/cai6.tachibana-u.ac.jp\/kyudo\/index.php?rest_route=\/wp\/v2\/users\/1"}],"replies":[{"embeddable":true,"href":"https:\/\/cai6.tachibana-u.ac.jp\/kyudo\/index.php?rest_route=%2Fwp%2Fv2%2Fcomments&post=4410"}],"version-history":[{"count":6,"href":"https:\/\/cai6.tachibana-u.ac.jp\/kyudo\/index.php?rest_route=\/wp\/v2\/pages\/4410\/revisions"}],"predecessor-version":[{"id":4493,"href":"https:\/\/cai6.tachibana-u.ac.jp\/kyudo\/index.php?rest_route=\/wp\/v2\/pages\/4410\/revisions\/4493"}],"up":[{"embeddable":true,"href":"https:\/\/cai6.tachibana-u.ac.jp\/kyudo\/index.php?rest_route=\/wp\/v2\/pages\/4408"}],"wp:attachment":[{"href":"https:\/\/cai6.tachibana-u.ac.jp\/kyudo\/index.php?rest_route=%2Fwp%2Fv2%2Fmedia&parent=4410"}],"curies":[{"name":"wp","href":"https:\/\/api.w.org\/{rel}","templated":true}]}}