{"id":1422,"date":"2016-07-21T13:54:59","date_gmt":"2016-07-21T04:54:59","guid":{"rendered":"https:\/\/cai6.tachibana-u.ac.jp\/kyudo\/?page_id=1422"},"modified":"2016-07-25T16:02:24","modified_gmt":"2016-07-25T07:02:24","slug":"%e6%96%b0%e4%ba%ba%e6%88%a6-3","status":"publish","type":"page","link":"https:\/\/cai6.tachibana-u.ac.jp\/kyudo\/?page_id=1422","title":{"rendered":"\u65b0\u4eba\u6226"},"content":{"rendered":"<hr size=\"1\" width=\"70%\" \/>\n<p><span style=\"font-size: x-large;\"><br \/>\n<b>3\u670830\u65e5\uff08\u65e5\uff09\u3000\u65b0\u4eba\u6226\u7b2c\uff11\u56de\u6226\u5bfe\uff1a\u5927\u962a\u5927\u5b66\u3000\u65bc\uff1a\u4eac\u90fd\u6a58\u5927\u5b66<\/b><br \/>\n<\/span><\/p>\n<hr size=\"1\" width=\"70%\" \/>\n<p>\u5148\u653b\u3000\u4eac\u90fd\u6a58\u5927\u5b6631\u4e2d\u3000\u5f8c\u653b\u3000\u5927\u962a\u5927\u5b6643\u4e2d<\/p>\n<table border=\"1\">\n<tbody>\n<tr>\n<td>\u83c5\u3000\u6f64\u5b50\uff08\u4e8c\uff09<\/td>\n<td>\u00d7\u25cb\u00d7\u00d7<\/td>\n<td>\u00d7\u00d7\u00d7\u25cb<\/td>\n<td>\u00d7\u00d7\u00d7\u00d7<\/td>\n<td colspan=\"2\">2<\/td>\n<td rowspan=\"6\">31<\/td>\n<\/tr>\n<tr>\n<td>\u7530\u4e2d\u3000\u7f8e\u5948\uff08\u4e09\uff09<\/td>\n<td>\u25cb\u00d7\u25cb\u25cb<\/td>\n<td>\u00d7\u25cb\u25cb\u25cb<\/td>\n<td>\u25cb\u00d7\u25cb\u25cb<\/td>\n<td colspan=\"2\">9<\/td>\n<\/tr>\n<tr>\n<td>\u5c0f\u6797\u3000\u76f4\u767b\uff08\u4e8c\uff09<\/td>\n<td>\u00d7\u25cb\u25cb\u00d7<\/td>\n<td>\u00d7\u25cb\u00d7\u25cb<\/td>\n<td>\u00d7\u00d7\u25cb\u00d7<\/td>\n<td colspan=\"2\">5<\/td>\n<\/tr>\n<tr>\n<td>\u9060\u5c71\u3000\u5eb7\u592a\u90ce\uff08\u4e09\uff09<\/td>\n<td>\u00d7\u25cb\u25cb\u00d7<\/td>\n<td>\u00d7\u25cb\u25cb\u00d7<\/td>\n<td>\u00d7\u00d7\u25cb\u25cb<\/td>\n<td colspan=\"2\">6<\/td>\n<\/tr>\n<tr>\n<td>\u6839\u672c\u3000\u660e\u7a42\uff08\u4e8c\uff09<\/td>\n<td>\u00d7\u25cb\u25cb\u00d7<\/td>\n<td>\u00d7\u25cb\u25cb\u25cb<\/td>\n<td>\u00d7\u00d7\u00d7\u00d7<\/td>\n<td colspan=\"2\">5<\/td>\n<\/tr>\n<tr>\n<td>\u9ad8\u4e95\u3000\u96c4\u5927\uff08\u4e8c\uff09<\/td>\n<td>\u00d7\u00d7\u00d7\u25cb<\/td>\n<td>\u00d7\u25cb\u00d7\u00d7<\/td>\n<td>\u00d7\u00d7\u25cb\u25cb<\/td>\n<td colspan=\"2\">4<\/td>\n<\/tr>\n<\/tbody>\n<\/table>\n","protected":false},"excerpt":{"rendered":"<p>3\u670830\u65e5\uff08\u65e5\uff09\u3000\u65b0\u4eba\u6226\u7b2c\uff11\u56de\u6226\u5bfe\uff1a\u5927\u962a\u5927\u5b66\u3000\u65bc\uff1a\u4eac\u90fd\u6a58\u5927\u5b66 \u5148\u653b\u3000\u4eac\u90fd\u6a58\u5927\u5b6631\u4e2d\u3000\u5f8c\u653b\u3000\u5927\u962a\u5927\u5b6643\u4e2d \u83c5\u3000\u6f64\u5b50\uff08\u4e8c\uff09 \u00d7\u25cb\u00d7\u00d7 \u00d7\u00d7\u00d7\u25cb \u00d7\u00d7\u00d7\u00d7 2 31 \u7530\u4e2d\u3000\u7f8e\u5948\uff08\u4e09\uff09 \u25cb\u00d7\u25cb\u25cb \u00d7\u25cb\u25cb\u25cb \u25cb\u00d7\u25cb\u25cb 9 \u5c0f\u6797 &hellip; <a href=\"https:\/\/cai6.tachibana-u.ac.jp\/kyudo\/?page_id=1422\" class=\"more-link\">\u7d9a\u304d\u3092\u8aad\u3080 <span class=\"screen-reader-text\">\u65b0\u4eba\u6226<\/span> <span class=\"meta-nav\">&rarr;<\/span><\/a><\/p>\n","protected":false},"author":1,"featured_media":0,"parent":581,"menu_order":6,"comment_status":"closed","ping_status":"open","template":"","meta":{"footnotes":""},"class_list":["post-1422","page","type-page","status-publish","hentry"],"_links":{"self":[{"href":"https:\/\/cai6.tachibana-u.ac.jp\/kyudo\/index.php?rest_route=\/wp\/v2\/pages\/1422","targetHints":{"allow":["GET"]}}],"collection":[{"href":"https:\/\/cai6.tachibana-u.ac.jp\/kyudo\/index.php?rest_route=\/wp\/v2\/pages"}],"about":[{"href":"https:\/\/cai6.tachibana-u.ac.jp\/kyudo\/index.php?rest_route=\/wp\/v2\/types\/page"}],"author":[{"embeddable":true,"href":"https:\/\/cai6.tachibana-u.ac.jp\/kyudo\/index.php?rest_route=\/wp\/v2\/users\/1"}],"replies":[{"embeddable":true,"href":"https:\/\/cai6.tachibana-u.ac.jp\/kyudo\/index.php?rest_route=%2Fwp%2Fv2%2Fcomments&post=1422"}],"version-history":[{"count":9,"href":"https:\/\/cai6.tachibana-u.ac.jp\/kyudo\/index.php?rest_route=\/wp\/v2\/pages\/1422\/revisions"}],"predecessor-version":[{"id":1482,"href":"https:\/\/cai6.tachibana-u.ac.jp\/kyudo\/index.php?rest_route=\/wp\/v2\/pages\/1422\/revisions\/1482"}],"up":[{"embeddable":true,"href":"https:\/\/cai6.tachibana-u.ac.jp\/kyudo\/index.php?rest_route=\/wp\/v2\/pages\/581"}],"wp:attachment":[{"href":"https:\/\/cai6.tachibana-u.ac.jp\/kyudo\/index.php?rest_route=%2Fwp%2Fv2%2Fmedia&parent=1422"}],"curies":[{"name":"wp","href":"https:\/\/api.w.org\/{rel}","templated":true}]}}