{"id":105,"date":"2016-05-19T17:11:47","date_gmt":"2016-05-19T08:11:47","guid":{"rendered":"https:\/\/cai6.tachibana-u.ac.jp\/kyudo\/?page_id=105"},"modified":"2016-07-25T16:04:47","modified_gmt":"2016-07-25T07:04:47","slug":"%e5%85%a8%e6%97%a5%e6%9c%ac%e5%ad%a6%e7%94%9f%e5%bc%93%e9%81%93%e9%81%b8%e6%89%8b%e6%a8%a9%e5%a4%a7%e4%bc%9a%ef%bc%88%e3%82%a4%e3%83%b3%e3%82%ab%e3%83%ac%ef%bc%89","status":"publish","type":"page","link":"https:\/\/cai6.tachibana-u.ac.jp\/kyudo\/?page_id=105","title":{"rendered":"\u5168\u65e5\u672c\u5b66\u751f\u5f13\u9053\u9078\u624b\u6a29\u5927\u4f1a\uff08\u30a4\u30f3\u30ab\u30ec\uff09"},"content":{"rendered":"<p>&nbsp;<\/p>\n<p>&nbsp;<\/p>\n<p>&nbsp;<\/p>\n<p><b>8\u670812\uff5e15\u65e5\u3000\u65bc:\u30b0\u30ea\u30fc\u30f3\u30a2\u30ea\u30fc\u30ca\u795e\u6238<\/b><\/p>\n<hr size=\"1\" width=\"70%\" \/>\n<p><span style=\"font-size: x-large;\"><br \/>\n<b>\u56e3\u4f53\u30fb\u500b\u4eba\uff08\u8fd1\u7684\uff09<\/b><br \/>\n<\/span><\/p>\n<hr size=\"1\" width=\"70%\" \/>\n<p><b>\u7537\u5b50\u56e3\u4f53<\/b><\/p>\n<table border=\"1\">\n<tbody>\n<tr>\n<td>\u6797\u3000\u6cf0\u4f51\uff08\u4e8c\uff09<\/td>\n<td>\u00d7\u25cb\u25cb\u25cb<\/td>\n<td colspan=\"2\">3<\/td>\n<td rowspan=\"5\">13<\/td>\n<\/tr>\n<tr>\n<td>\u5c0f\u5009\u3000\u50da\u4ecb\uff08\u4e00\uff09<\/td>\n<td>\u25cb\u25cb\u00d7\u25cb<\/td>\n<td colspan=\"2\">3<\/td>\n<td rowspan=\"5\">13<\/td>\n<\/tr>\n<tr>\n<td>\u9577\u8c37\u5ddd\u3000\u4f38\u609f\uff08\u4e00\uff09<\/td>\n<td>\u00d7\u00d7\u00d7\u25cb<\/td>\n<td colspan=\"2\">1<\/td>\n<\/tr>\n<tr>\n<td>\u4e0b\u53f8\u3000\u60c7\u592a\uff08\u4e8c\uff09<\/td>\n<td>\u25cb\u25cb\u00d7\u25cb<\/td>\n<td colspan=\"2\">3<\/td>\n<\/tr>\n<tr>\n<td>\u798f\u4e95\u3000\u4f36\uff08\u56db\uff09<\/td>\n<td>\u25cb\u00d7\u25cb\u25cb<\/td>\n<td colspan=\"2\">3<\/td>\n<\/tr>\n<\/tbody>\n<\/table>\n<p><b>\u4e88\u9078\u6557\u9000<\/b><\/p>\n<p>&nbsp;<\/p>\n<p><b>\u5973\u5b50\u56e3\u4f53<\/b><\/p>\n<table border=\"1\">\n<tbody>\n<tr>\n<td>\u6d45\u91ce\u3000\u91cc\u6c5f\uff08\u4e09\uff09<\/td>\n<td>\u25cb\u25cb\u25cb\u25cb<\/td>\n<td colspan=\"2\">\u7686<\/td>\n<td rowspan=\"3\">10<\/td>\n<\/tr>\n<tr>\n<td>\u677e\u5c71\u3000\u7d75\u672a\u90a3\uff08\u4e00\uff09<\/td>\n<td>\u25cb\u25cb\u25cb\u25cb<\/td>\n<td colspan=\"2\">\u7686<\/td>\n<\/tr>\n<tr>\n<td>\u83c5\u6cbc\u3000\u590f\u5e0c\uff08\u4e09\uff09<\/td>\n<td>\u00d7\u00d7\u25cb\u25cb<\/td>\n<td colspan=\"2\">2<\/td>\n<\/tr>\n<\/tbody>\n<\/table>\n<p><b>\u6c7a\u52dd\u30c8\u30fc\u30ca\u30e1\u30f3\u30c8\u9032\u51fa<\/b><\/p>\n<p>&nbsp;<\/p>\n<p><b>\u5973\u5b50\u500b\u4eba<b><\/b><\/b><\/p>\n<table border=\"1\">\n<tbody>\n<tr>\n<td>\u6cb3\u5185\u3000\u7406\u7d17\uff08\u4e00\uff09<\/td>\n<td>\u00d7\u00d7<\/td>\n<td colspan=\"2\">\u6b8b<\/td>\n<\/tr>\n<tr>\n<td>\u771e\u7af9\u3000\u4e07\u8449\uff08\u4e00\uff09<\/td>\n<td>\u00d7\u25cb<\/td>\n<td colspan=\"2\">1<\/td>\n<\/tr>\n<tr>\n<td>\u83c5\u6cbc\u3000\u590f\u5e0c\uff08\u4e09\uff09<\/td>\n<td>\u00d7\u25cb<\/td>\n<td colspan=\"2\">1<\/td>\n<\/tr>\n<tr>\n<td>\u7530\u4e2d\u3000\u7f8e\u5948\uff08\u4e09\uff09<\/td>\n<td>\u00d7\u00d7<\/td>\n<td colspan=\"2\">\u6b8b<\/td>\n<\/tr>\n<\/tbody>\n<\/table>\n<p><b>\u7537\u5b50\u500b\u4eba<b><\/b><\/b><\/p>\n<table border=\"1\">\n<tbody>\n<tr>\n<td>\u9ad8\u4e95\u3000\u96c4\u5927\uff08\u4e8c\uff09<\/td>\n<td>\u25cb\u00d7<\/td>\n<td colspan=\"2\">1<\/td>\n<\/tr>\n<tr>\n<td>\u6797\u3000\u6cf0\u4f51\uff08\u4e8c\uff09<\/td>\n<td>\u25cb\u25cb<\/td>\n<td colspan=\"2\">\u7686\u2192<\/td>\n<\/tr>\n<tr>\n<td>\u5927\u585a\u3000\u7fd4\u5e73\uff08\u4e09\uff09<\/td>\n<td>\u25cb\u00d7<\/td>\n<td colspan=\"2\">1<\/td>\n<\/tr>\n<tr>\n<td>\u798f\u4e95\u3000\u4f36\uff08\u56db\uff09<\/td>\n<td>\u25cb\u25cb<\/td>\n<td colspan=\"2\">\u7686\u2192<\/td>\n<\/tr>\n<\/tbody>\n<\/table>\n<hr size=\"1\" width=\"70%\" \/>\n<p><span style=\"font-size: x-large;\"><br \/>\n<b>\u56e3\u4f53\u6c7a\u52dd<\/b><br \/>\n<\/span><\/p>\n<p><b>\u5973\u5b50\u6c7a\u52dd\u30c8\u30fc\u30ca\u30e1\u30f3\u30c8\u4e8c\u56de\u6226<b><\/b><\/b><\/p>\n<p><b>\u4eac\u90fd\u6a58\u5927\u5b66\u30009\u4e2d\u3000 \u5927\u962a\u7d4c\u6e08\u5927\u5b66\u300010\u4e2d<b><\/b><\/b><\/p>\n<p>&nbsp;<\/p>\n<p><b>\u9060\u7684\u5927\u4f1a\u306f\u96e8\u306e\u305f\u3081\u4e2d\u6b62<\/b><\/p>\n<p>&nbsp;<\/p>\n<p>&nbsp;<\/p>\n<p>&nbsp;<\/p>\n<p>&nbsp;<\/p>\n","protected":false},"excerpt":{"rendered":"<p>&nbsp; &nbsp; &nbsp; 8\u670812\uff5e15\u65e5\u3000\u65bc:\u30b0\u30ea\u30fc\u30f3\u30a2\u30ea\u30fc\u30ca\u795e\u6238 \u56e3\u4f53\u30fb\u500b\u4eba\uff08\u8fd1\u7684\uff09 \u7537\u5b50\u56e3\u4f53 \u6797\u3000\u6cf0\u4f51\uff08\u4e8c\uff09 \u00d7\u25cb\u25cb\u25cb 3 13 \u5c0f\u5009\u3000\u50da\u4ecb\uff08\u4e00\uff09 \u25cb\u25cb\u00d7\u25cb 3 13 \u9577\u8c37\u5ddd\u3000\u4f38\u609f\uff08\u4e00\uff09 \u00d7\u00d7\u00d7\u25cb  &hellip; <a href=\"https:\/\/cai6.tachibana-u.ac.jp\/kyudo\/?page_id=105\" class=\"more-link\">\u7d9a\u304d\u3092\u8aad\u3080 <span class=\"screen-reader-text\">\u5168\u65e5\u672c\u5b66\u751f\u5f13\u9053\u9078\u624b\u6a29\u5927\u4f1a\uff08\u30a4\u30f3\u30ab\u30ec\uff09<\/span> <span class=\"meta-nav\">&rarr;<\/span><\/a><\/p>\n","protected":false},"author":1,"featured_media":0,"parent":581,"menu_order":2,"comment_status":"closed","ping_status":"closed","template":"","meta":{"footnotes":""},"class_list":["post-105","page","type-page","status-publish","hentry"],"_links":{"self":[{"href":"https:\/\/cai6.tachibana-u.ac.jp\/kyudo\/index.php?rest_route=\/wp\/v2\/pages\/105","targetHints":{"allow":["GET"]}}],"collection":[{"href":"https:\/\/cai6.tachibana-u.ac.jp\/kyudo\/index.php?rest_route=\/wp\/v2\/pages"}],"about":[{"href":"https:\/\/cai6.tachibana-u.ac.jp\/kyudo\/index.php?rest_route=\/wp\/v2\/types\/page"}],"author":[{"embeddable":true,"href":"https:\/\/cai6.tachibana-u.ac.jp\/kyudo\/index.php?rest_route=\/wp\/v2\/users\/1"}],"replies":[{"embeddable":true,"href":"https:\/\/cai6.tachibana-u.ac.jp\/kyudo\/index.php?rest_route=%2Fwp%2Fv2%2Fcomments&post=105"}],"version-history":[{"count":3,"href":"https:\/\/cai6.tachibana-u.ac.jp\/kyudo\/index.php?rest_route=\/wp\/v2\/pages\/105\/revisions"}],"predecessor-version":[{"id":1483,"href":"https:\/\/cai6.tachibana-u.ac.jp\/kyudo\/index.php?rest_route=\/wp\/v2\/pages\/105\/revisions\/1483"}],"up":[{"embeddable":true,"href":"https:\/\/cai6.tachibana-u.ac.jp\/kyudo\/index.php?rest_route=\/wp\/v2\/pages\/581"}],"wp:attachment":[{"href":"https:\/\/cai6.tachibana-u.ac.jp\/kyudo\/index.php?rest_route=%2Fwp%2Fv2%2Fmedia&parent=105"}],"curies":[{"name":"wp","href":"https:\/\/api.w.org\/{rel}","templated":true}]}}